{"id":2843,"date":"2016-11-07T12:45:31","date_gmt":"2016-11-07T12:45:31","guid":{"rendered":"https:\/\/shopkeeper-demo.getbowtied.com\/books\/?post_type=product&#038;p=2843"},"modified":"2025-07-07T15:11:00","modified_gmt":"2025-07-07T13:11:00","slug":"locchio-della-terra","status":"publish","type":"product","link":"https:\/\/www.comunicabooksedizioni.it\/Home\/prodotto\/locchio-della-terra\/","title":{"rendered":"L&#8217;Occhio della Terra"},"content":{"rendered":"<div>Gerundo \u00e8 il mio nome e sono lombardo. Su di me sono state scritte leggende che parlano di dei, di santi, di eroi. No, non sono un cavaliere, io. Non sono uomo n\u00e9 donna. Non ho un\u2019et\u00e0 definita, esisto da sempre, anche se adesso qualcuno potrebbe pensare che me ne sia andato, solo perch\u00e9 le mie acque non affiorano pi\u00f9 dalla terra. Com\u2019\u00e8 facile a ingannarsi l\u2019occhio degli esseri umani che vogliono vedere solo la superficie delle cose. Sono un lago. Un testimone del tempo e della storia. Voi uomini e donne avete vissuto per secoli sulle mie sponde, solcando le mie acque, una generazione dietro l\u2019altra, e avete preso tutto quello che ho potuto offrire, nel bene e nel male: il pescato, la vegetazione, la foresta intorno ricca di animali e di specie arboree, le credenze generate dalla mia presenza, la nomea delle creature fantastiche che ho ospitato nel segreto delle mie profondit\u00e0, la gloria delle battaglie combattute sulle mie rive, lo strazio delle febbri dei periodi peggiori, dell\u2019impaludamento dovuto all\u2019abbandono, alla devastazione delle invasioni e delle guerre. Chi pu\u00f2 dire che cosa nasconde un lago nel suo cuore profondo? Magari un drago come Tarantasio. Magari pi\u00f9 d\u2019uno. Sar\u00e0 stato davvero una creatura malvagia? Qualcuno lo ha creduto fermamente. Gli esseri umani sono sempre in lotta per qualche cosa. Non si rendono conto di quanto la loro presenza sia fugace, nello scorrere del tempo e dei millenni, e di quanto il loro agitarsi appaia vano a chi, come me, in qualche modo \u00e8 eterno. Dalle popolazioni dei primi abitanti delle palafitte fino ai Celti, ai Romani, ai Cristiani; dall\u2019isola Fulcheria ai Longobardi ai Franchi, dai Comuni contro Barbarossa ai monaci dediti a bonificare; dalle rivalit\u00e0 tra villaggio e villaggio fino ai briganti che infestavano i miei boschi, quante vite si sono spese intorno alle mie acque, di uomini e donne che hanno amato, odiato, combattuto. Le loro storie appartengono a tutti e io rimango la loro liquida eterna memoria. Se volete conoscerle, leggete.<\/div>\n","protected":false},"excerpt":{"rendered":"<div>Il lago \u00e8 l&#8217;occhio della Terra;\u00a0 nel suo sguardo l&#8217;osservatore misura\u00a0 la profondit\u00e0 della propria natura.<\/div>\n<div>Henry David Thoreau<\/div>\n","protected":false},"featured_media":17335,"comment_status":"closed","ping_status":"closed","template":"","meta":{"om_disable_all_campaigns":false},"product_brand":[],"product_cat":[23],"product_tag":[42,50],"autori":[],"class_list":["post-2843","product","type-product","status-publish","has-post-thumbnail","product_cat-books","product_tag-premio-letterario-lago-gerundo","product_tag-racconti-brevi","first","outofstock","taxable","shipping-taxable","purchasable","product-type-simple"],"jetpack_sharing_enabled":true,"_links":{"self":[{"href":"https:\/\/www.comunicabooksedizioni.it\/Home\/wp-json\/wp\/v2\/product\/2843","targetHints":{"allow":["GET"]}}],"collection":[{"href":"https:\/\/www.comunicabooksedizioni.it\/Home\/wp-json\/wp\/v2\/product"}],"about":[{"href":"https:\/\/www.comunicabooksedizioni.it\/Home\/wp-json\/wp\/v2\/types\/product"}],"replies":[{"embeddable":true,"href":"https:\/\/www.comunicabooksedizioni.it\/Home\/wp-json\/wp\/v2\/comments?post=2843"}],"wp:featuredmedia":[{"embeddable":true,"href":"https:\/\/www.comunicabooksedizioni.it\/Home\/wp-json\/wp\/v2\/media\/17335"}],"wp:attachment":[{"href":"https:\/\/www.comunicabooksedizioni.it\/Home\/wp-json\/wp\/v2\/media?parent=2843"}],"wp:term":[{"taxonomy":"product_brand","embeddable":true,"href":"https:\/\/www.comunicabooksedizioni.it\/Home\/wp-json\/wp\/v2\/product_brand?post=2843"},{"taxonomy":"product_cat","embeddable":true,"href":"https:\/\/www.comunicabooksedizioni.it\/Home\/wp-json\/wp\/v2\/product_cat?post=2843"},{"taxonomy":"product_tag","embeddable":true,"href":"https:\/\/www.comunicabooksedizioni.it\/Home\/wp-json\/wp\/v2\/product_tag?post=2843"},{"taxonomy":"autori","embeddable":true,"href":"https:\/\/www.comunicabooksedizioni.it\/Home\/wp-json\/wp\/v2\/autori?post=2843"}],"curies":[{"name":"wp","href":"https:\/\/api.w.org\/{rel}","templated":true}]}}

<div>Gerundo è il mio nome e sono lombardo. Su di me sono state scritte leggende che parlano di dei, di santi, di eroi. No, non sono un cavaliere, io. Non sono uomo né donna. Non ho un’età definita, esisto da sempre, anche se adesso qualcuno potrebbe pensare che me ne sia andato, solo perché le mie acque non affiorano più dalla terra. Com’è facile a ingannarsi l’occhio degli esseri umani che vogliono vedere solo la superficie delle cose. Sono un lago. Un testimone del tempo e della storia. Voi uomini e donne avete vissuto per secoli sulle mie sponde, solcando le mie acque, una generazione dietro l’altra, e avete preso tutto quello che ho potuto offrire, nel bene e nel male: il pescato, la vegetazione, la foresta intorno ricca di animali e di specie arboree, le credenze generate dalla mia presenza, la nomea delle creature fantastiche che ho ospitato nel segreto delle mie profondità, la gloria delle battaglie combattute sulle mie rive, lo strazio delle febbri dei periodi peggiori, dell’impaludamento dovuto all’abbandono, alla devastazione delle invasioni e delle guerre. Chi può dire che cosa nasconde un lago nel suo cuore profondo? Magari un drago come Tarantasio. Magari più d’uno. Sarà stato davvero una creatura malvagia? Qualcuno lo ha creduto fermamente. Gli esseri umani sono sempre in lotta per qualche cosa. Non si rendono conto di quanto la loro presenza sia fugace, nello scorrere del tempo e dei millenni, e di quanto il loro agitarsi appaia vano a chi, come me, in qualche modo è eterno. Dalle popolazioni dei primi abitanti delle palafitte fino ai Celti, ai Romani, ai Cristiani; dall’isola Fulcheria ai Longobardi ai Franchi, dai Comuni contro Barbarossa ai monaci dediti a bonificare; dalle rivalità tra villaggio e villaggio fino ai briganti che infestavano i miei boschi, quante vite si sono spese intorno alle mie acque, di uomini e donne che hanno amato, odiato, combattuto. Le loro storie appartengono a tutti e io rimango la loro liquida eterna memoria. Se volete conoscerle, leggete.</div>

<div>Il lago è l&#8217;occhio della Terra;  nel suo sguardo l&#8217;osservatore misura  la profondità della propria natura.</div>
<div>Henry David Thoreau</div>
