{"id":18126,"date":"2026-04-29T17:03:27","date_gmt":"2026-04-29T15:03:27","guid":{"rendered":"https:\/\/www.comunicabooksedizioni.it\/Home\/?post_type=product&#038;p=18126"},"modified":"2026-07-03T08:21:08","modified_gmt":"2026-07-03T06:21:08","slug":"io-e-clay-unamicizia-ad-alta-velocita","status":"publish","type":"product","link":"https:\/\/www.comunicabooksedizioni.it\/Home\/prodotto\/io-e-clay-unamicizia-ad-alta-velocita\/","title":{"rendered":"Io e Clay. Un&#8217;amicizia ad alta velocit\u00e0"},"content":{"rendered":"<p>La Postfazione di Gian Carlo Minardi<\/p>\n<p>Clay Regazzoni, senza dubbio uno dei pi\u00f9 grandi piloti del Novecento, \u00e8 ancora oggi ricordato con affetto da tutti quelli che lo hanno conosciuto, ma anche dagli appassionati di motorsport che hanno letto le sue gesta e il personaggio che era.<\/p>\n<p>Non posso che fare i complimenti a Giacomo per come ha raccontato l\u2019uomo Clay, pi\u00f9 che il pilota, in questo manoscritto. Io ho avuto la fortuna di conoscere Clay nel 1974, quando correva per la Ferrari, e il Drake stesso mi diede la sua 312\/T per allevare i giovani piloti italiani nel 1975. Cos\u00ec nacquero le nostre frequentazioni. Ma oltre agli incontri di pubbliche relazioni, il grande Clay ha fatto anche quattro gare in F2 con la mia Scuderia: due in Italia, al Mugello e a Misano \u2013 pensate che a Misano \u00e8 venuto a correre la settimana dopo avere vinto a Silverstone la prima gara in F1 della Williams! \u2013, e due in Argentina, dove la sua fama era stratosferica, andando anche a podio.<\/p>\n<p>Grazie a Clay ho conosciuto quel \u201cIo\u201d del titolo e don Luigi Avanti, e mi onoro di continuare a partecipare al \u201cGran Premio della solidariet\u00e0\u201d di Aiutiamo la Paraplegia \u2013 Club Clay Regazzoni per tenere vivo ci\u00f2 che con tanta pazienza, passione e seriet\u00e0 Giacomo ha portato avanti nel ricordo di Clay, raccogliendo tutti gli anni considerevoli contributi per la ricerca. Ricordatevi l\u2019ultimo sabato del mese di novembre!!!!<\/p>\n","protected":false},"excerpt":{"rendered":"<p>Cosa succede quando un eroe della velocit\u00e0 perde l\u2019uso delle gambe, ma non la voglia di correre?<br \/>\nDall\u2019incontro tra il leggendario pilota Clay Regazzoni e il suo fan pi\u00f9 testardo \u00e8 nato un legame indissolubile durato pi\u00f9 di trent\u2019anni.<\/p>\n<p>Un\u2019amicizia combinata dal destino e con un unico grande obiettivo: la solidariet\u00e0. Giacomo Tansini e Clay Regazzoni hanno trasformato i motori in speranza, fondando un club a sostegno della ricerca e della cura dei paraplegici: Aiutiamo la paraplegia \u2013 Club Clay Regazzoni. Insieme, hanno dimostrato che la vera felicit\u00e0 non sta nella vittoria, ma nel dividere con gli altri la propria passione. Soprattutto quando non sembra pi\u00f9 possibile.<\/p>\n<p>La storia dei due amici trova finalmente il suo spazio in questo libro, che racconta un lato umano mai raccontato di uno dei piloti pi\u00f9 famosi e chiacchierati delle corse automobilistiche.<\/p>\n","protected":false},"featured_media":18128,"comment_status":"open","ping_status":"closed","template":"","meta":{"om_disable_all_campaigns":false},"product_brand":[],"product_cat":[72,74,61],"product_tag":[60,77,76,78],"autori":[],"class_list":["post-18126","product","type-product","status-publish","has-post-thumbnail","product_cat-romanzo","product_cat-sport","product_cat-storie","product_tag-clay-regazzoni","product_tag-formula1","product_tag-giacomo-tansini","product_tag-minardi","first","instock","taxable","shipping-taxable","purchasable","product-type-simple"],"jetpack_sharing_enabled":true,"_links":{"self":[{"href":"https:\/\/www.comunicabooksedizioni.it\/Home\/wp-json\/wp\/v2\/product\/18126","targetHints":{"allow":["GET"]}}],"collection":[{"href":"https:\/\/www.comunicabooksedizioni.it\/Home\/wp-json\/wp\/v2\/product"}],"about":[{"href":"https:\/\/www.comunicabooksedizioni.it\/Home\/wp-json\/wp\/v2\/types\/product"}],"replies":[{"embeddable":true,"href":"https:\/\/www.comunicabooksedizioni.it\/Home\/wp-json\/wp\/v2\/comments?post=18126"}],"wp:featuredmedia":[{"embeddable":true,"href":"https:\/\/www.comunicabooksedizioni.it\/Home\/wp-json\/wp\/v2\/media\/18128"}],"wp:attachment":[{"href":"https:\/\/www.comunicabooksedizioni.it\/Home\/wp-json\/wp\/v2\/media?parent=18126"}],"wp:term":[{"taxonomy":"product_brand","embeddable":true,"href":"https:\/\/www.comunicabooksedizioni.it\/Home\/wp-json\/wp\/v2\/product_brand?post=18126"},{"taxonomy":"product_cat","embeddable":true,"href":"https:\/\/www.comunicabooksedizioni.it\/Home\/wp-json\/wp\/v2\/product_cat?post=18126"},{"taxonomy":"product_tag","embeddable":true,"href":"https:\/\/www.comunicabooksedizioni.it\/Home\/wp-json\/wp\/v2\/product_tag?post=18126"},{"taxonomy":"autori","embeddable":true,"href":"https:\/\/www.comunicabooksedizioni.it\/Home\/wp-json\/wp\/v2\/autori?post=18126"}],"curies":[{"name":"wp","href":"https:\/\/api.w.org\/{rel}","templated":true}]}}

Io e Clay. Un&#8217;amicizia ad alta velocità

<p>La Postfazione di Gian Carlo Minardi</p>
<p>Clay Regazzoni, senza dubbio uno dei più grandi piloti del Novecento, è ancora oggi ricordato con affetto da tutti quelli che lo hanno conosciuto, ma anche dagli appassionati di motorsport che hanno letto le sue gesta e il personaggio che era.</p>
<p>Non posso che fare i complimenti a Giacomo per come ha raccontato l’uomo Clay, più che il pilota, in questo manoscritto. Io ho avuto la fortuna di conoscere Clay nel 1974, quando correva per la Ferrari, e il Drake stesso mi diede la sua 312/T per allevare i giovani piloti italiani nel 1975. Così nacquero le nostre frequentazioni. Ma oltre agli incontri di pubbliche relazioni, il grande Clay ha fatto anche quattro gare in F2 con la mia Scuderia: due in Italia, al Mugello e a Misano – pensate che a Misano è venuto a correre la settimana dopo avere vinto a Silverstone la prima gara in F1 della Williams! –, e due in Argentina, dove la sua fama era stratosferica, andando anche a podio.</p>
<p>Grazie a Clay ho conosciuto quel “Io” del titolo e don Luigi Avanti, e mi onoro di continuare a partecipare al “Gran Premio della solidarietà” di Aiutiamo la Paraplegia – Club Clay Regazzoni per tenere vivo ciò che con tanta pazienza, passione e serietà Giacomo ha portato avanti nel ricordo di Clay, raccogliendo tutti gli anni considerevoli contributi per la ricerca. Ricordatevi l’ultimo sabato del mese di novembre!!!!</p>

<p>Cosa succede quando un eroe della velocità perde l’uso delle gambe, ma non la voglia di correre?<br />
Dall’incontro tra il leggendario pilota Clay Regazzoni e il suo fan più testardo è nato un legame indissolubile durato più di trent’anni.</p>
<p>Un’amicizia combinata dal destino e con un unico grande obiettivo: la solidarietà. Giacomo Tansini e Clay Regazzoni hanno trasformato i motori in speranza, fondando un club a sostegno della ricerca e della cura dei paraplegici: Aiutiamo la paraplegia – Club Clay Regazzoni. Insieme, hanno dimostrato che la vera felicità non sta nella vittoria, ma nel dividere con gli altri la propria passione. Soprattutto quando non sembra più possibile.</p>
<p>La storia dei due amici trova finalmente il suo spazio in questo libro, che racconta un lato umano mai raccontato di uno dei piloti più famosi e chiacchierati delle corse automobilistiche.</p>
