{"id":18101,"date":"2026-03-20T17:45:34","date_gmt":"2026-03-20T16:45:34","guid":{"rendered":"https:\/\/www.comunicabooksedizioni.it\/Home\/?post_type=product&#038;p=18101"},"modified":"2026-06-11T15:06:49","modified_gmt":"2026-06-11T13:06:49","slug":"omar-il-sardo-verso-lalgeria","status":"publish","type":"product","link":"https:\/\/www.comunicabooksedizioni.it\/Home\/prodotto\/omar-il-sardo-verso-lalgeria\/","title":{"rendered":"Omar il Sardo &#8211; Verso l&#8217;Algeria"},"content":{"rendered":"<p>La dolorosa, desolante e crudele storia degli schiavi europei nel XVI secolo. Ecco un romanzo che affronta con autorevolezza e impegno nella ricerca storica, la vicenda di contadini, pescatori, mercanti e artigiani, semplici cittadini, uomini, donne e bambini catturati dai corsari barbareschi sulle coste mediterranee e trascinati nei principali porti maghrebini: Algeri, Tunisi, Tripoli.<\/p>\n<p>La vicenda ha inizio nel 1554 e descrive gli esiti della tratta barbaresca nel Mediterraneo, teatro di un sistema di pirateria e schiavit\u00f9 condotto dai corsari del Nord Africa. Solo attraverso lo strumento narrativo \u00e8 possibile restituire dignit\u00e0 a singoli personaggi che, nella tremenda condizione di schiavi, non hanno potuto avere un posto d\u2019onore nella Storia. A questo punto si potrebbero incomodare gli ideatori del romanzo storico (e lo facciamo): Walter Scott, Alessandro Manzoni e perch\u00e9 no Ippolito Nievo, per citarne solo alcuni e tra i pi\u00f9 celebri. Questi grandi narratori, attraverso il romanzo d\u2019epoca, hanno fatto assurgere a protagonisti gente umile, semplice, comune.<\/p>\n","protected":false},"excerpt":{"rendered":"<p>Mamma li turchi! Questo \u00e8 il grido che \u00e8 risuonato per secoli sulle sponde occidentali del mar Mediterraneo. Gli stati barbareschi del nord-Africa, vassalli dell\u2019Impero Ottomano, lanciavano le proprie imbarcazioni verso le coste italiane, spagnole, greche e dalmate, predando ogni cosa e facendo razzia di schiavi. Basilio Cannas vive ad Arbatax, un borgo di pescatori dell\u2019Ogliastra, in Sardegna e la sua vita sta per essere sconvolta per sempre. Non immagina che sta per essere separato dalla sua famiglia, forse per lunghi anni, forse per sempre e che non sar\u00e0 pi\u00f9 un uomo libero. La sua salvezza dipender\u00e0 solamente dal suo spirito di adattamento.<\/p>\n","protected":false},"featured_media":18102,"comment_status":"open","ping_status":"closed","template":"","meta":{"om_disable_all_campaigns":false},"product_brand":[],"product_cat":[18],"product_tag":[79,81,82,80],"autori":[97],"class_list":["post-18101","product","type-product","status-publish","has-post-thumbnail","product_cat-senza-categoria","product_tag-79","product_tag-barbareschi","product_tag-dragut","product_tag-turchi","autori-gabriele-mistrangelo","first","instock","taxable","shipping-taxable","purchasable","product-type-simple"],"jetpack_sharing_enabled":true,"_links":{"self":[{"href":"https:\/\/www.comunicabooksedizioni.it\/Home\/wp-json\/wp\/v2\/product\/18101","targetHints":{"allow":["GET"]}}],"collection":[{"href":"https:\/\/www.comunicabooksedizioni.it\/Home\/wp-json\/wp\/v2\/product"}],"about":[{"href":"https:\/\/www.comunicabooksedizioni.it\/Home\/wp-json\/wp\/v2\/types\/product"}],"replies":[{"embeddable":true,"href":"https:\/\/www.comunicabooksedizioni.it\/Home\/wp-json\/wp\/v2\/comments?post=18101"}],"wp:featuredmedia":[{"embeddable":true,"href":"https:\/\/www.comunicabooksedizioni.it\/Home\/wp-json\/wp\/v2\/media\/18102"}],"wp:attachment":[{"href":"https:\/\/www.comunicabooksedizioni.it\/Home\/wp-json\/wp\/v2\/media?parent=18101"}],"wp:term":[{"taxonomy":"product_brand","embeddable":true,"href":"https:\/\/www.comunicabooksedizioni.it\/Home\/wp-json\/wp\/v2\/product_brand?post=18101"},{"taxonomy":"product_cat","embeddable":true,"href":"https:\/\/www.comunicabooksedizioni.it\/Home\/wp-json\/wp\/v2\/product_cat?post=18101"},{"taxonomy":"product_tag","embeddable":true,"href":"https:\/\/www.comunicabooksedizioni.it\/Home\/wp-json\/wp\/v2\/product_tag?post=18101"},{"taxonomy":"autori","embeddable":true,"href":"https:\/\/www.comunicabooksedizioni.it\/Home\/wp-json\/wp\/v2\/autori?post=18101"}],"curies":[{"name":"wp","href":"https:\/\/api.w.org\/{rel}","templated":true}]}}

<p>La dolorosa, desolante e crudele storia degli schiavi europei nel XVI secolo. Ecco un romanzo che affronta con autorevolezza e impegno nella ricerca storica, la vicenda di contadini, pescatori, mercanti e artigiani, semplici cittadini, uomini, donne e bambini catturati dai corsari barbareschi sulle coste mediterranee e trascinati nei principali porti maghrebini: Algeri, Tunisi, Tripoli.</p>
<p>La vicenda ha inizio nel 1554 e descrive gli esiti della tratta barbaresca nel Mediterraneo, teatro di un sistema di pirateria e schiavitù condotto dai corsari del Nord Africa. Solo attraverso lo strumento narrativo è possibile restituire dignità a singoli personaggi che, nella tremenda condizione di schiavi, non hanno potuto avere un posto d’onore nella Storia. A questo punto si potrebbero incomodare gli ideatori del romanzo storico (e lo facciamo): Walter Scott, Alessandro Manzoni e perché no Ippolito Nievo, per citarne solo alcuni e tra i più celebri. Questi grandi narratori, attraverso il romanzo d’epoca, hanno fatto assurgere a protagonisti gente umile, semplice, comune.</p>

<p>Mamma li turchi! Questo è il grido che è risuonato per secoli sulle sponde occidentali del mar Mediterraneo. Gli stati barbareschi del nord-Africa, vassalli dell’Impero Ottomano, lanciavano le proprie imbarcazioni verso le coste italiane, spagnole, greche e dalmate, predando ogni cosa e facendo razzia di schiavi. Basilio Cannas vive ad Arbatax, un borgo di pescatori dell’Ogliastra, in Sardegna e la sua vita sta per essere sconvolta per sempre. Non immagina che sta per essere separato dalla sua famiglia, forse per lunghi anni, forse per sempre e che non sarà più un uomo libero. La sua salvezza dipenderà solamente dal suo spirito di adattamento.</p>
