{"id":18031,"date":"2025-12-17T16:28:31","date_gmt":"2025-12-17T15:28:31","guid":{"rendered":"https:\/\/www.comunicabooksedizioni.it\/Home\/?post_type=product&#038;p=18031"},"modified":"2026-06-11T15:13:11","modified_gmt":"2026-06-11T13:13:11","slug":"alberi-senza-radici","status":"publish","type":"product","link":"https:\/\/www.comunicabooksedizioni.it\/Home\/prodotto\/alberi-senza-radici\/","title":{"rendered":"Alberi Senza Radici"},"content":{"rendered":"<p>Al centro c\u2019\u00e8 una ragazza italo-egiziana che a tredici anni vede crollare le certezze pi\u00f9 elementari: la citt\u00e0 in cui \u00e8 cresciuta, la scuola, l\u2019idea stessa della famiglia. Ci\u00f2 che potrebbe sembrare un racconto di perdita si rivela presto un mosaico inatteso di presenze salvifiche: amici e amiche, donne incontrate nel quotidiano, insegnanti di scuola, figure di solidariet\u00e0 silenziosa che diventano pilastri di normalit\u00e0 e affetto. Ognuno di loro aggiunge un tassello a un puzzle che il destino sembra costruire con una mano paziente: un destino che, pur attraverso il dolore, non smette di essere buono. (Dalla prefazione di Anna Bernardini)<\/p>\n","protected":false},"excerpt":{"rendered":"<p>Non cercavo commiserazione. Cercavo riscatto. Non volevo fare pace con il passato, ma affermare chi sono diventata nonostante tutto. Questa \u00e8 la storia di una ragazza strappata alla propria vita, costretta a rinascere in un mondo che non aveva scelto. Una storia per chi ha conosciuto il dolore, ma ha scelto comunque di combattere. \u00c8 un viaggio di rabbia, amore, identit\u00e0 e resilienza. Scrivere questo libro \u00e8 stato come urlare dopo anni di silenzio. Per tutte le donne che non si arrendono. Per chi non ha mai avuto radici, ma ha imparato a fiorire lo stesso.<\/p>\n","protected":false},"featured_media":18029,"comment_status":"open","ping_status":"closed","template":"","meta":{"om_disable_all_campaigns":false},"product_brand":[],"product_cat":[72,61],"product_tag":[],"autori":[98],"class_list":["post-18031","product","type-product","status-publish","has-post-thumbnail","product_cat-romanzo","product_cat-storie","autori-karima-abdel-razek","first","instock","taxable","shipping-taxable","purchasable","product-type-simple"],"jetpack_sharing_enabled":true,"_links":{"self":[{"href":"https:\/\/www.comunicabooksedizioni.it\/Home\/wp-json\/wp\/v2\/product\/18031","targetHints":{"allow":["GET"]}}],"collection":[{"href":"https:\/\/www.comunicabooksedizioni.it\/Home\/wp-json\/wp\/v2\/product"}],"about":[{"href":"https:\/\/www.comunicabooksedizioni.it\/Home\/wp-json\/wp\/v2\/types\/product"}],"replies":[{"embeddable":true,"href":"https:\/\/www.comunicabooksedizioni.it\/Home\/wp-json\/wp\/v2\/comments?post=18031"}],"wp:featuredmedia":[{"embeddable":true,"href":"https:\/\/www.comunicabooksedizioni.it\/Home\/wp-json\/wp\/v2\/media\/18029"}],"wp:attachment":[{"href":"https:\/\/www.comunicabooksedizioni.it\/Home\/wp-json\/wp\/v2\/media?parent=18031"}],"wp:term":[{"taxonomy":"product_brand","embeddable":true,"href":"https:\/\/www.comunicabooksedizioni.it\/Home\/wp-json\/wp\/v2\/product_brand?post=18031"},{"taxonomy":"product_cat","embeddable":true,"href":"https:\/\/www.comunicabooksedizioni.it\/Home\/wp-json\/wp\/v2\/product_cat?post=18031"},{"taxonomy":"product_tag","embeddable":true,"href":"https:\/\/www.comunicabooksedizioni.it\/Home\/wp-json\/wp\/v2\/product_tag?post=18031"},{"taxonomy":"autori","embeddable":true,"href":"https:\/\/www.comunicabooksedizioni.it\/Home\/wp-json\/wp\/v2\/autori?post=18031"}],"curies":[{"name":"wp","href":"https:\/\/api.w.org\/{rel}","templated":true}]}}

<p>Al centro c’è una ragazza italo-egiziana che a tredici anni vede crollare le certezze più elementari: la città in cui è cresciuta, la scuola, l’idea stessa della famiglia. Ciò che potrebbe sembrare un racconto di perdita si rivela presto un mosaico inatteso di presenze salvifiche: amici e amiche, donne incontrate nel quotidiano, insegnanti di scuola, figure di solidarietà silenziosa che diventano pilastri di normalità e affetto. Ognuno di loro aggiunge un tassello a un puzzle che il destino sembra costruire con una mano paziente: un destino che, pur attraverso il dolore, non smette di essere buono. (Dalla prefazione di Anna Bernardini)</p>

<p>Non cercavo commiserazione. Cercavo riscatto. Non volevo fare pace con il passato, ma affermare chi sono diventata nonostante tutto. Questa è la storia di una ragazza strappata alla propria vita, costretta a rinascere in un mondo che non aveva scelto. Una storia per chi ha conosciuto il dolore, ma ha scelto comunque di combattere. È un viaggio di rabbia, amore, identità e resilienza. Scrivere questo libro è stato come urlare dopo anni di silenzio. Per tutte le donne che non si arrendono. Per chi non ha mai avuto radici, ma ha imparato a fiorire lo stesso.</p>
