{"id":17651,"date":"2025-07-11T16:49:41","date_gmt":"2025-07-11T14:49:41","guid":{"rendered":"https:\/\/www.comunicabooksedizioni.it\/Home\/?post_type=product&#038;p=17651"},"modified":"2026-03-31T16:41:06","modified_gmt":"2026-03-31T14:41:06","slug":"paullo-racconta","status":"publish","type":"product","link":"https:\/\/www.comunicabooksedizioni.it\/Home\/prodotto\/paullo-racconta\/","title":{"rendered":"Paullo racconta &#8211; Raccolta n. 1"},"content":{"rendered":"<p>Sei racconti ambientati a Paullo, un viaggio emozionante attraverso il tempo che abbraccia un periodo storico compreso tra la fine dell&#8217;Ottocento e la fine del Novecento. Storie scritte con stili narrativi e contenuti diversi tra loro. Sarete catapultati in un caleidoscopio di vicende, dalle ricostruzioni storiche ai racconti intimi e personali, narrati anche attraverso il filtro dei ricordi familiari senza la pretesa di definire una comunit\u00e0.<\/p>\n","protected":false},"excerpt":{"rendered":"<p><em>Dalla Prefazione di Anna Bernardini<\/em><br \/>\nOgni luogo ha una storia da raccontare, e Paullo non fa eccezione. Questo libro nasce dal desiderio di dare voce a frammenti di vita vissuta, episodi reali che, attraverso sei racconti, restituiscono un ritratto sfaccettato della comunit\u00e0 paullese. Non \u00e8 una cronologia esaustiva, n\u00e9 un semplice esercizio di memoria, ma una biografia fatta di incontri di persone con persone. E Paullo ne \u00e8 l\u2019anima, spettatrice, protagonista e sfondo di queste storie, testimone silenziosa di momenti che hanno segnato vite e lasciato tracce nel tempo. L\u2019idea di raccogliere queste storie nasce dalla consapevolezza che appartenere a un luogo significa anche conoscerne il passato, comprendere le vicende che lo hanno attraversato e le persone che lo hanno reso quello che \u00e8 oggi. Questo libro vuole essere anche un ponte tra generazioni: un\u2019opportunit\u00e0 per i pi\u00f9 giovani di scoprire episodi dimenticati, per chi si \u00e8 trasferito da poco di sentirsi parte di qualcosa di pi\u00f9 grande, e per chi qui ha sempre vissuto di ritrovare pezzi della propria storia. Non \u00e8 la storia di Paullo, ma sono le storie di Paullo, che unite insieme ne formano la vera storia, quella con la S maiuscola.<\/p>\n","protected":false},"featured_media":17654,"comment_status":"open","ping_status":"closed","template":"","meta":{"om_disable_all_campaigns":false},"product_brand":[],"product_cat":[18],"product_tag":[59,57,60,46,44,58],"autori":[],"class_list":["post-17651","product","type-product","status-publish","has-post-thumbnail","product_cat-senza-categoria","product_tag-amici-vecchio-cortile","product_tag-banda-s-cecilia-paullo","product_tag-clay-regazzoni","product_tag-paullo","product_tag-storia-locale","product_tag-toscanini","first","instock","taxable","shipping-taxable","purchasable","product-type-simple"],"jetpack_sharing_enabled":true,"_links":{"self":[{"href":"https:\/\/www.comunicabooksedizioni.it\/Home\/wp-json\/wp\/v2\/product\/17651","targetHints":{"allow":["GET"]}}],"collection":[{"href":"https:\/\/www.comunicabooksedizioni.it\/Home\/wp-json\/wp\/v2\/product"}],"about":[{"href":"https:\/\/www.comunicabooksedizioni.it\/Home\/wp-json\/wp\/v2\/types\/product"}],"replies":[{"embeddable":true,"href":"https:\/\/www.comunicabooksedizioni.it\/Home\/wp-json\/wp\/v2\/comments?post=17651"}],"wp:featuredmedia":[{"embeddable":true,"href":"https:\/\/www.comunicabooksedizioni.it\/Home\/wp-json\/wp\/v2\/media\/17654"}],"wp:attachment":[{"href":"https:\/\/www.comunicabooksedizioni.it\/Home\/wp-json\/wp\/v2\/media?parent=17651"}],"wp:term":[{"taxonomy":"product_brand","embeddable":true,"href":"https:\/\/www.comunicabooksedizioni.it\/Home\/wp-json\/wp\/v2\/product_brand?post=17651"},{"taxonomy":"product_cat","embeddable":true,"href":"https:\/\/www.comunicabooksedizioni.it\/Home\/wp-json\/wp\/v2\/product_cat?post=17651"},{"taxonomy":"product_tag","embeddable":true,"href":"https:\/\/www.comunicabooksedizioni.it\/Home\/wp-json\/wp\/v2\/product_tag?post=17651"},{"taxonomy":"autori","embeddable":true,"href":"https:\/\/www.comunicabooksedizioni.it\/Home\/wp-json\/wp\/v2\/autori?post=17651"}],"curies":[{"name":"wp","href":"https:\/\/api.w.org\/{rel}","templated":true}]}}

<p>Sei racconti ambientati a Paullo, un viaggio emozionante attraverso il tempo che abbraccia un periodo storico compreso tra la fine dell&#8217;Ottocento e la fine del Novecento. Storie scritte con stili narrativi e contenuti diversi tra loro. Sarete catapultati in un caleidoscopio di vicende, dalle ricostruzioni storiche ai racconti intimi e personali, narrati anche attraverso il filtro dei ricordi familiari senza la pretesa di definire una comunità.</p>

<p><em>Dalla Prefazione di Anna Bernardini</em><br />
Ogni luogo ha una storia da raccontare, e Paullo non fa eccezione. Questo libro nasce dal desiderio di dare voce a frammenti di vita vissuta, episodi reali che, attraverso sei racconti, restituiscono un ritratto sfaccettato della comunità paullese. Non è una cronologia esaustiva, né un semplice esercizio di memoria, ma una biografia fatta di incontri di persone con persone. E Paullo ne è l’anima, spettatrice, protagonista e sfondo di queste storie, testimone silenziosa di momenti che hanno segnato vite e lasciato tracce nel tempo. L’idea di raccogliere queste storie nasce dalla consapevolezza che appartenere a un luogo significa anche conoscerne il passato, comprendere le vicende che lo hanno attraversato e le persone che lo hanno reso quello che è oggi. Questo libro vuole essere anche un ponte tra generazioni: un’opportunità per i più giovani di scoprire episodi dimenticati, per chi si è trasferito da poco di sentirsi parte di qualcosa di più grande, e per chi qui ha sempre vissuto di ritrovare pezzi della propria storia. Non è la storia di Paullo, ma sono le storie di Paullo, che unite insieme ne formano la vera storia, quella con la S maiuscola.</p>
