{"id":16615,"date":"2022-10-05T21:52:56","date_gmt":"2022-10-05T21:52:56","guid":{"rendered":"https:\/\/shopkeeper-demo.getbowtied.com\/books\/?post_type=product&#038;p=16615"},"modified":"2025-12-17T17:36:37","modified_gmt":"2025-12-17T16:36:37","slug":"colombano-e-la-fondazione-di-un-monastero-a-paullo","status":"publish","type":"product","link":"https:\/\/www.comunicabooksedizioni.it\/Home\/prodotto\/colombano-e-la-fondazione-di-un-monastero-a-paullo\/","title":{"rendered":"Colombano e la fondazione di un monastero a Paullo"},"content":{"rendered":"<p>Per chi si occupa di storia locale, ovvero dello studio circoscritto a un determinato territorio, ricostruire quel periodo incerto e sospeso, quel lasso di tempo che va dalla caduta dell\u2019Impero romano d\u2019Occidente nel 476 d.C. a prima dell\u2019anno 1000, sono una prova e un compito assai ardui. Le problematicit\u00e0 si accrescono quando l\u2019esame di questo periodo riguarda una localit\u00e0 specifica, Paullo, non certo un centro di rilevanza storica come altre citt\u00e0 vicine: Milano, Lodi, Crema, per citarne alcune. Il quadro si complica ulteriormente perch\u00e9 l\u2019indagine riguarder\u00e0 la fondazione di un monastero a Paullo ad opera del celebre e leggendario San Colombano.<\/p>\n","protected":false},"excerpt":{"rendered":"<p>\u00abCon buona ragione, San Colombano, pu\u00f2 essere chiamato un santo \u201ceuropeo\u201d, perch\u00e9 come monaco, missionario e scrittore ha lavorato in vari Paesi dell\u2019Europa occidentale. Insieme agli irlandesi del suo tempo, egli era consapevole dell\u2019unit\u00e0 culturale dell\u2019Europa. In una sua lettera, scritta intorno all\u2019anno 600 ed indirizzata a Papa Gregorio Magno, si trova per la prima volta l\u2019espressione \u201ctotius Europae \u2013 di tutta l\u2019Europa\u201d, con riferimento alla presenza della Chiesa nel Continente (cfr Epistula I,1)\u00bb.<br \/>\nPapa Benedetto XVI. Udienza Generale, 11 giugno 2008<\/p>\n","protected":false},"featured_media":17325,"comment_status":"open","ping_status":"closed","template":"","meta":{"om_disable_all_campaigns":false},"product_brand":[],"product_cat":[23],"product_tag":[46,45,44],"autori":[],"class_list":["post-16615","product","type-product","status-publish","has-post-thumbnail","product_cat-books","product_tag-paullo","product_tag-san-colombano","product_tag-storia-locale","first","instock","taxable","shipping-taxable","purchasable","product-type-simple"],"jetpack_sharing_enabled":true,"_links":{"self":[{"href":"https:\/\/www.comunicabooksedizioni.it\/Home\/wp-json\/wp\/v2\/product\/16615","targetHints":{"allow":["GET"]}}],"collection":[{"href":"https:\/\/www.comunicabooksedizioni.it\/Home\/wp-json\/wp\/v2\/product"}],"about":[{"href":"https:\/\/www.comunicabooksedizioni.it\/Home\/wp-json\/wp\/v2\/types\/product"}],"replies":[{"embeddable":true,"href":"https:\/\/www.comunicabooksedizioni.it\/Home\/wp-json\/wp\/v2\/comments?post=16615"}],"wp:featuredmedia":[{"embeddable":true,"href":"https:\/\/www.comunicabooksedizioni.it\/Home\/wp-json\/wp\/v2\/media\/17325"}],"wp:attachment":[{"href":"https:\/\/www.comunicabooksedizioni.it\/Home\/wp-json\/wp\/v2\/media?parent=16615"}],"wp:term":[{"taxonomy":"product_brand","embeddable":true,"href":"https:\/\/www.comunicabooksedizioni.it\/Home\/wp-json\/wp\/v2\/product_brand?post=16615"},{"taxonomy":"product_cat","embeddable":true,"href":"https:\/\/www.comunicabooksedizioni.it\/Home\/wp-json\/wp\/v2\/product_cat?post=16615"},{"taxonomy":"product_tag","embeddable":true,"href":"https:\/\/www.comunicabooksedizioni.it\/Home\/wp-json\/wp\/v2\/product_tag?post=16615"},{"taxonomy":"autori","embeddable":true,"href":"https:\/\/www.comunicabooksedizioni.it\/Home\/wp-json\/wp\/v2\/autori?post=16615"}],"curies":[{"name":"wp","href":"https:\/\/api.w.org\/{rel}","templated":true}]}}

<p>Per chi si occupa di storia locale, ovvero dello studio circoscritto a un determinato territorio, ricostruire quel periodo incerto e sospeso, quel lasso di tempo che va dalla caduta dell’Impero romano d’Occidente nel 476 d.C. a prima dell’anno 1000, sono una prova e un compito assai ardui. Le problematicità si accrescono quando l’esame di questo periodo riguarda una località specifica, Paullo, non certo un centro di rilevanza storica come altre città vicine: Milano, Lodi, Crema, per citarne alcune. Il quadro si complica ulteriormente perché l’indagine riguarderà la fondazione di un monastero a Paullo ad opera del celebre e leggendario San Colombano.</p>

<p>«Con buona ragione, San Colombano, può essere chiamato un santo “europeo”, perché come monaco, missionario e scrittore ha lavorato in vari Paesi dell’Europa occidentale. Insieme agli irlandesi del suo tempo, egli era consapevole dell’unità culturale dell’Europa. In una sua lettera, scritta intorno all’anno 600 ed indirizzata a Papa Gregorio Magno, si trova per la prima volta l’espressione “totius Europae – di tutta l’Europa”, con riferimento alla presenza della Chiesa nel Continente (cfr Epistula I,1)».<br />
Papa Benedetto XVI. Udienza Generale, 11 giugno 2008</p>
