{"id":16591,"date":"2022-10-05T21:35:49","date_gmt":"2022-10-05T21:35:49","guid":{"rendered":"https:\/\/shopkeeper-demo.getbowtied.com\/books\/?post_type=product&#038;p=16591"},"modified":"2025-12-17T17:38:14","modified_gmt":"2025-12-17T16:38:14","slug":"tre_racconti_inediti","status":"publish","type":"product","link":"https:\/\/www.comunicabooksedizioni.it\/Home\/prodotto\/tre_racconti_inediti\/","title":{"rendered":"Antologia  di nuovi narratori"},"content":{"rendered":"<p>Sono trascorsi ventun anni dalla prima edizione del Premio letterario \u201cLago Gerundo\u201d. Allora il Premio nacque dalla volont\u00e0 di pochi appassionati, guidati dal Prof. Franco Celenza e dall\u2019Amministrazione Comunale che sostenne con entusiasmo il progetto. Oggi possiamo dire che il nostro Premio \u00e8 conosciuto, riconosciuto e stimato e ad esso credo debba essere attribuito un valore importante. Sono consapevole che non \u00e8 immediato percepire il valore di una manifestazione come il Premio \u201cLago Gerundo\u201d, se non pensandola come occasione per mettere in competizione il proprio testo letterario con altri e trarre soddisfazione del proprio lavoro grazie all\u2019apprezzamento di giurati competenti. Un Premio letterario \u00e8 tuttavia molto di pi\u00f9: \u00e8 un evento che rompe il rapporto privilegiato e tutto individuale che il lettore ha con un libro e, allo stesso tempo, il rapporto che l\u2019autore ha con la propria opera. Attraverso esperienze come un Premio letterario si radunano autori, lettori e testi, trasformando un atto quasi intimo come la lettura e la scrittura in un evento sociale. E se \u00e8 vero che in un processo di socializzazione (la folla di Morin) si percepiscono meglio le sollecitazioni e i cambiamenti, il contributo della letteratura al suo interno \u00e8 ancora pi\u00f9 raffinato indicatore di direzione e di mutamento e, dunque, tanto pi\u00f9 prezioso per la comunit\u00e0. Il Premio letterario \u201cLago Gerundo\u201d, in questi ventun anni, ha promosso confronto, conoscenza, partecipazione, socialit\u00e0, aiutandoci a percorrere pi\u00f9 consapevolmente strade, in qualunque direzione esse fossero orientate. Il miglior augurio non pu\u00f2 che essere la speranza che tanta altra strada, nella folla, esso possa attraversare.<br \/>\nIl Sindaco Federico Lorenzini<\/p>\n","protected":false},"excerpt":{"rendered":"<p>Introduzione di Federico Lorenzini<\/p>\n<p>Il Premio e il suo territorio di Franco Celenza<\/p>\n<p>Automobili e giraffe di Cristiano Caracci<br \/>\nGiudizio della Giuria<br \/>\nChi \u00e8 Cristiano Caracci?<\/p>\n<p>Lesto di Mano di Luigi Maffezzoli<br \/>\nGiudizio della Giuria<br \/>\nChi \u00e8 Luigi Maffezzoli?<\/p>\n<p>Il diario della pazzia di Jessica Mantovani<br \/>\nGiudizio della Giuria<br \/>\nChi \u00e8 Jessica Mantovani?<\/p>\n","protected":false},"featured_media":17331,"comment_status":"open","ping_status":"closed","template":"","meta":{"om_disable_all_campaigns":false},"product_brand":[],"product_cat":[23],"product_tag":[43,42],"autori":[],"class_list":["post-16591","product","type-product","status-publish","has-post-thumbnail","product_cat-books","product_tag-nuovi-narratori","product_tag-premio-letterario-lago-gerundo","first","instock","sale","taxable","shipping-taxable","purchasable","product-type-simple"],"jetpack_sharing_enabled":true,"_links":{"self":[{"href":"https:\/\/www.comunicabooksedizioni.it\/Home\/wp-json\/wp\/v2\/product\/16591","targetHints":{"allow":["GET"]}}],"collection":[{"href":"https:\/\/www.comunicabooksedizioni.it\/Home\/wp-json\/wp\/v2\/product"}],"about":[{"href":"https:\/\/www.comunicabooksedizioni.it\/Home\/wp-json\/wp\/v2\/types\/product"}],"replies":[{"embeddable":true,"href":"https:\/\/www.comunicabooksedizioni.it\/Home\/wp-json\/wp\/v2\/comments?post=16591"}],"wp:featuredmedia":[{"embeddable":true,"href":"https:\/\/www.comunicabooksedizioni.it\/Home\/wp-json\/wp\/v2\/media\/17331"}],"wp:attachment":[{"href":"https:\/\/www.comunicabooksedizioni.it\/Home\/wp-json\/wp\/v2\/media?parent=16591"}],"wp:term":[{"taxonomy":"product_brand","embeddable":true,"href":"https:\/\/www.comunicabooksedizioni.it\/Home\/wp-json\/wp\/v2\/product_brand?post=16591"},{"taxonomy":"product_cat","embeddable":true,"href":"https:\/\/www.comunicabooksedizioni.it\/Home\/wp-json\/wp\/v2\/product_cat?post=16591"},{"taxonomy":"product_tag","embeddable":true,"href":"https:\/\/www.comunicabooksedizioni.it\/Home\/wp-json\/wp\/v2\/product_tag?post=16591"},{"taxonomy":"autori","embeddable":true,"href":"https:\/\/www.comunicabooksedizioni.it\/Home\/wp-json\/wp\/v2\/autori?post=16591"}],"curies":[{"name":"wp","href":"https:\/\/api.w.org\/{rel}","templated":true}]}}

<p>Sono trascorsi ventun anni dalla prima edizione del Premio letterario “Lago Gerundo”. Allora il Premio nacque dalla volontà di pochi appassionati, guidati dal Prof. Franco Celenza e dall’Amministrazione Comunale che sostenne con entusiasmo il progetto. Oggi possiamo dire che il nostro Premio è conosciuto, riconosciuto e stimato e ad esso credo debba essere attribuito un valore importante. Sono consapevole che non è immediato percepire il valore di una manifestazione come il Premio “Lago Gerundo”, se non pensandola come occasione per mettere in competizione il proprio testo letterario con altri e trarre soddisfazione del proprio lavoro grazie all’apprezzamento di giurati competenti. Un Premio letterario è tuttavia molto di più: è un evento che rompe il rapporto privilegiato e tutto individuale che il lettore ha con un libro e, allo stesso tempo, il rapporto che l’autore ha con la propria opera. Attraverso esperienze come un Premio letterario si radunano autori, lettori e testi, trasformando un atto quasi intimo come la lettura e la scrittura in un evento sociale. E se è vero che in un processo di socializzazione (la folla di Morin) si percepiscono meglio le sollecitazioni e i cambiamenti, il contributo della letteratura al suo interno è ancora più raffinato indicatore di direzione e di mutamento e, dunque, tanto più prezioso per la comunità. Il Premio letterario “Lago Gerundo”, in questi ventun anni, ha promosso confronto, conoscenza, partecipazione, socialità, aiutandoci a percorrere più consapevolmente strade, in qualunque direzione esse fossero orientate. Il miglior augurio non può che essere la speranza che tanta altra strada, nella folla, esso possa attraversare.<br />
Il Sindaco Federico Lorenzini</p>

<p>Introduzione di Federico Lorenzini</p>
<p>Il Premio e il suo territorio di Franco Celenza</p>
<p>Automobili e giraffe di Cristiano Caracci<br />
Giudizio della Giuria<br />
Chi è Cristiano Caracci?</p>
<p>Lesto di Mano di Luigi Maffezzoli<br />
Giudizio della Giuria<br />
Chi è Luigi Maffezzoli?</p>
<p>Il diario della pazzia di Jessica Mantovani<br />
Giudizio della Giuria<br />
Chi è Jessica Mantovani?</p>
